{"id":8,"date":"2020-12-26T21:02:05","date_gmt":"2020-12-26T21:02:05","guid":{"rendered":"http:\/\/www.intead.com.uy\/?page_id=8"},"modified":"2022-01-21T13:37:45","modified_gmt":"2022-01-21T16:37:45","slug":"nosotros","status":"publish","type":"page","link":"https:\/\/www.intead.com.uy\/index.php\/nosotros\/","title":{"rendered":"Nosotros"},"content":{"rendered":"\t\t<div data-elementor-type=\"wp-page\" data-elementor-id=\"8\" class=\"elementor elementor-8\">\n\t\t\t\t\t\t<section class=\"elementor-section elementor-top-section elementor-element elementor-element-797d64d elementor-section-boxed elementor-section-height-default elementor-section-height-default\" data-id=\"797d64d\" data-element_type=\"section\">\n\t\t\t\t\t\t<div class=\"elementor-container elementor-column-gap-default\">\n\t\t\t\t\t<div class=\"elementor-column elementor-col-100 elementor-top-column elementor-element elementor-element-8cbab83\" data-id=\"8cbab83\" data-element_type=\"column\">\n\t\t\t<div class=\"elementor-widget-wrap elementor-element-populated\">\n\t\t\t\t\t\t<div class=\"elementor-element elementor-element-de416a1 elementor-widget elementor-widget-image\" data-id=\"de416a1\" data-element_type=\"widget\" data-widget_type=\"image.default\">\n\t\t\t\t<div class=\"elementor-widget-container\">\n\t\t\t\t\t\t\t\t\t\t\t\t\t\t\t<img fetchpriority=\"high\" decoding=\"async\" width=\"640\" height=\"195\" src=\"https:\/\/www.intead.com.uy\/wp-content\/uploads\/2021\/09\/Intead-Cartel-Horizontal-1-1024x312.png\" class=\"attachment-large size-large wp-image-917\" alt=\"\" srcset=\"https:\/\/www.intead.com.uy\/wp-content\/uploads\/2021\/09\/Intead-Cartel-Horizontal-1-1024x312.png 1024w, https:\/\/www.intead.com.uy\/wp-content\/uploads\/2021\/09\/Intead-Cartel-Horizontal-1-300x92.png 300w, https:\/\/www.intead.com.uy\/wp-content\/uploads\/2021\/09\/Intead-Cartel-Horizontal-1-768x234.png 768w, https:\/\/www.intead.com.uy\/wp-content\/uploads\/2021\/09\/Intead-Cartel-Horizontal-1-1536x468.png 1536w, https:\/\/www.intead.com.uy\/wp-content\/uploads\/2021\/09\/Intead-Cartel-Horizontal-1-2048x625.png 2048w\" sizes=\"(max-width: 640px) 100vw, 640px\" \/>\t\t\t\t\t\t\t\t\t\t\t\t\t\t\t<\/div>\n\t\t\t\t<\/div>\n\t\t\t\t<div class=\"elementor-element elementor-element-60b2149 elementor-arrows-position-inside elementor-pagination-position-outside elementor-widget elementor-widget-image-carousel\" data-id=\"60b2149\" data-element_type=\"widget\" data-settings=\"{&quot;navigation&quot;:&quot;both&quot;,&quot;autoplay&quot;:&quot;yes&quot;,&quot;pause_on_hover&quot;:&quot;yes&quot;,&quot;pause_on_interaction&quot;:&quot;yes&quot;,&quot;autoplay_speed&quot;:5000,&quot;infinite&quot;:&quot;yes&quot;,&quot;speed&quot;:500}\" data-widget_type=\"image-carousel.default\">\n\t\t\t\t<div class=\"elementor-widget-container\">\n\t\t\t\t\t\t\t<div class=\"elementor-image-carousel-wrapper swiper\" role=\"region\" aria-roledescription=\"carousel\" aria-label=\"Carrusel de im\u00e1genes\" dir=\"ltr\">\n\t\t\t<div class=\"elementor-image-carousel swiper-wrapper\" aria-live=\"off\">\n\t\t\t\t\t\t\t\t<div class=\"swiper-slide\" role=\"group\" aria-roledescription=\"slide\" aria-label=\"1 de 8\"><figure class=\"swiper-slide-inner\"><img decoding=\"async\" class=\"swiper-slide-image\" src=\"https:\/\/www.intead.com.uy\/wp-content\/uploads\/2021\/09\/Colorido-Padre-Hijo-Verano-Pegatinas-Instagram-Publicacion-1024x1024.png\" alt=\"Colorido Padre Hijo Verano Pegatinas Instagram Publicaci\u00f3n\" \/><\/figure><\/div><div class=\"swiper-slide\" role=\"group\" aria-roledescription=\"slide\" aria-label=\"2 de 8\"><figure class=\"swiper-slide-inner\"><img decoding=\"async\" class=\"swiper-slide-image\" src=\"https:\/\/www.intead.com.uy\/wp-content\/uploads\/2021\/01\/Diseno-sin-titulo-4-1024x1024.png\" alt=\"Dise\u00f1o sin t\u00edtulo (4)\" \/><\/figure><\/div><div class=\"swiper-slide\" role=\"group\" aria-roledescription=\"slide\" aria-label=\"3 de 8\"><figure class=\"swiper-slide-inner\"><img decoding=\"async\" class=\"swiper-slide-image\" src=\"https:\/\/www.intead.com.uy\/wp-content\/uploads\/2021\/01\/Diseno-sin-titulo-5-1024x1024.png\" alt=\"Dise\u00f1o sin t\u00edtulo (5)\" \/><\/figure><\/div><div class=\"swiper-slide\" role=\"group\" aria-roledescription=\"slide\" aria-label=\"4 de 8\"><figure class=\"swiper-slide-inner\"><img decoding=\"async\" class=\"swiper-slide-image\" src=\"https:\/\/www.intead.com.uy\/wp-content\/uploads\/2021\/01\/Diseno-sin-titulo-2-1024x1024.png\" alt=\"Dise\u00f1o sin t\u00edtulo (2)\" \/><\/figure><\/div><div class=\"swiper-slide\" role=\"group\" aria-roledescription=\"slide\" aria-label=\"5 de 8\"><figure class=\"swiper-slide-inner\"><img decoding=\"async\" class=\"swiper-slide-image\" src=\"https:\/\/www.intead.com.uy\/wp-content\/uploads\/2021\/01\/Diseno-sin-titulo-3-1024x1024.png\" alt=\"Dise\u00f1o sin t\u00edtulo (3)\" \/><\/figure><\/div><div class=\"swiper-slide\" role=\"group\" aria-roledescription=\"slide\" aria-label=\"6 de 8\"><figure class=\"swiper-slide-inner\"><img decoding=\"async\" class=\"swiper-slide-image\" src=\"https:\/\/www.intead.com.uy\/wp-content\/uploads\/2021\/01\/Diseno-sin-titulo-8-1024x1024.png\" alt=\"Dise\u00f1o sin t\u00edtulo (8)\" \/><\/figure><\/div><div class=\"swiper-slide\" role=\"group\" aria-roledescription=\"slide\" aria-label=\"7 de 8\"><figure class=\"swiper-slide-inner\"><img decoding=\"async\" class=\"swiper-slide-image\" src=\"https:\/\/www.intead.com.uy\/wp-content\/uploads\/2021\/01\/Diseno-sin-titulo-7-1024x1024.png\" alt=\"Dise\u00f1o sin t\u00edtulo (7)\" \/><\/figure><\/div><div class=\"swiper-slide\" role=\"group\" aria-roledescription=\"slide\" aria-label=\"8 de 8\"><figure class=\"swiper-slide-inner\"><img decoding=\"async\" class=\"swiper-slide-image\" src=\"https:\/\/www.intead.com.uy\/wp-content\/uploads\/2021\/01\/Diseno-sin-titulo-6-1024x1024.png\" alt=\"Dise\u00f1o sin t\u00edtulo (6)\" \/><\/figure><\/div>\t\t\t<\/div>\n\t\t\t\t\t\t\t\t\t\t\t\t<div class=\"elementor-swiper-button elementor-swiper-button-prev\" role=\"button\" tabindex=\"0\">\n\t\t\t\t\t\t<i aria-hidden=\"true\" class=\"eicon-chevron-left\"><\/i>\t\t\t\t\t<\/div>\n\t\t\t\t\t<div class=\"elementor-swiper-button elementor-swiper-button-next\" role=\"button\" tabindex=\"0\">\n\t\t\t\t\t\t<i aria-hidden=\"true\" class=\"eicon-chevron-right\"><\/i>\t\t\t\t\t<\/div>\n\t\t\t\t\n\t\t\t\t\t\t\t\t\t<div class=\"swiper-pagination\"><\/div>\n\t\t\t\t\t\t\t\t\t<\/div>\n\t\t\t\t\t\t<\/div>\n\t\t\t\t<\/div>\n\t\t\t\t<div class=\"elementor-element elementor-element-1a53763 elementor-widget elementor-widget-heading\" data-id=\"1a53763\" data-element_type=\"widget\" data-widget_type=\"heading.default\">\n\t\t\t\t<div class=\"elementor-widget-container\">\n\t\t\t\t\t<h2 class=\"elementor-heading-title elementor-size-default\">Nosotros: <\/h2>\t\t\t\t<\/div>\n\t\t\t\t<\/div>\n\t\t\t\t\t<\/div>\n\t\t<\/div>\n\t\t\t\t\t<\/div>\n\t\t<\/section>\n\t\t\t\t<section class=\"elementor-section elementor-top-section elementor-element elementor-element-e87315a elementor-section-boxed elementor-section-height-default elementor-section-height-default\" data-id=\"e87315a\" data-element_type=\"section\">\n\t\t\t\t\t\t<div class=\"elementor-container elementor-column-gap-default\">\n\t\t\t\t\t<div class=\"elementor-column elementor-col-100 elementor-top-column elementor-element elementor-element-d3341c2\" data-id=\"d3341c2\" data-element_type=\"column\">\n\t\t\t<div class=\"elementor-widget-wrap elementor-element-populated\">\n\t\t\t\t\t\t<div class=\"elementor-element elementor-element-85c7357 elementor-widget elementor-widget-text-editor\" data-id=\"85c7357\" data-element_type=\"widget\" data-widget_type=\"text-editor.default\">\n\t\t\t\t<div class=\"elementor-widget-container\">\n\t\t\t\t\t\t\t\t\t<p style=\"text-align: justify;\">Soy Y\u00e9ssica Rodr\u00edguez, docente especializada en Neuropsicopedagog\u00eda. Quiero contarles que me considero una persona afortunada, optimista y feliz, porque un d\u00eda el AUTISMO, a trav\u00e9s de mi hijo, golpe\u00f3 mi puerta.<\/p><p style=\"text-align: justify;\"><span style=\"color: var( --e-global-color-text );\">Fue en este proceso de entendimiento, comprensi\u00f3n, experiencias vividas y formaci\u00f3n continua que surgi\u00f3 ESPACIO INTEAD.<\/span><\/p><p style=\"text-align: justify;\">ESPACIO INTEAD es un proyecto que en lo personal nace con grandes expectativas y entusiasmo frente a la necesidad de una intervenci\u00f3n EDUCATIVA TERAP\u00c9UTICA espec\u00edfica, que desde una perspectiva COGNITIVA CONDUCTUAL y EVOLUTIVA entienda y comprenda las distintas formas de intervenir (ense\u00f1ar) y aprender.<\/p><p style=\"text-align: justify;\">El 1 de diciembre de 2019 nace OFICIALMENTE ESPACIO INTEAD en la CIUDAD DE ROCHA &#8211; URUGUAY, ofreciendo una propuesta de Evaluaci\u00f3n e Intervenci\u00f3n EDUCATIVA TERAP\u00c9UTICA ESPECIALIZADA para ni\u00f1os, ni\u00f1as y adolescentes con Trastornos del Espectro Autista (TEA), Dificultades de Aprendizaje y otros trastornos asociados al NEURODESARROLLO (Discapacidad Intelectual, TDAH, TEL, Trastornos Espec\u00edficos del Aprendizaje).<br \/>Agradezco a todas aquellas personas que siempre estuvieron y est\u00e1n presentes, por sus ayudas, sus tiempos, sus palabras motivadoras, sus consejos y su dedicaci\u00f3n.<\/p><p style=\"text-align: justify;\">Muchas gracias por su paciencia y comprensi\u00f3n, y sobre todo por su amor. \u00a1Gracias por todo! \u201cSi puedes so\u00f1arlo, puedes hacerlo\u201d .<\/p>\t\t\t\t\t\t\t\t<\/div>\n\t\t\t\t<\/div>\n\t\t\t\t\t<\/div>\n\t\t<\/div>\n\t\t\t\t\t<\/div>\n\t\t<\/section>\n\t\t\t\t<section class=\"elementor-section elementor-top-section elementor-element elementor-element-a31b695 elementor-section-boxed elementor-section-height-default elementor-section-height-default\" data-id=\"a31b695\" data-element_type=\"section\">\n\t\t\t\t\t\t<div class=\"elementor-container elementor-column-gap-default\">\n\t\t\t\t\t<div class=\"elementor-column elementor-col-33 elementor-top-column elementor-element elementor-element-43721b9\" data-id=\"43721b9\" data-element_type=\"column\">\n\t\t\t<div class=\"elementor-widget-wrap elementor-element-populated\">\n\t\t\t\t\t\t<div class=\"elementor-element elementor-element-17da624 elementor-widget elementor-widget-image\" data-id=\"17da624\" data-element_type=\"widget\" data-widget_type=\"image.default\">\n\t\t\t\t<div class=\"elementor-widget-container\">\n\t\t\t\t\t\t\t\t\t\t\t\t\t\t\t<img decoding=\"async\" width=\"640\" height=\"856\" src=\"https:\/\/www.intead.com.uy\/wp-content\/uploads\/2022\/01\/intead-768x1027.jpg\" class=\"attachment-medium_large size-medium_large wp-image-1089\" alt=\"\" srcset=\"https:\/\/www.intead.com.uy\/wp-content\/uploads\/2022\/01\/intead-768x1027.jpg 768w, https:\/\/www.intead.com.uy\/wp-content\/uploads\/2022\/01\/intead-224x300.jpg 224w, https:\/\/www.intead.com.uy\/wp-content\/uploads\/2022\/01\/intead-766x1024.jpg 766w, https:\/\/www.intead.com.uy\/wp-content\/uploads\/2022\/01\/intead.jpg 1080w\" sizes=\"(max-width: 640px) 100vw, 640px\" \/>\t\t\t\t\t\t\t\t\t\t\t\t\t\t\t<\/div>\n\t\t\t\t<\/div>\n\t\t\t\t\t<\/div>\n\t\t<\/div>\n\t\t\t\t<div class=\"elementor-column elementor-col-66 elementor-top-column elementor-element elementor-element-dfeb667\" data-id=\"dfeb667\" data-element_type=\"column\">\n\t\t\t<div class=\"elementor-widget-wrap elementor-element-populated\">\n\t\t\t\t\t\t<div class=\"elementor-element elementor-element-8ba0ae9 elementor-widget elementor-widget-text-editor\" data-id=\"8ba0ae9\" data-element_type=\"widget\" data-widget_type=\"text-editor.default\">\n\t\t\t\t<div class=\"elementor-widget-container\">\n\t\t\t\t\t\t\t\t\t<h6><strong>Y\u00c9SSICA RODR\u00cdGUEZ<\/strong><\/h6>\n<p>DOCENTE ESPECIALIZADA ENNEUROPSICOPEDAGOG\u00cdA, DIFICULTADES DEL APRENDIZAJE Y TRASTORNOS DEL NEURODESARROLLO.<\/p>\n<p>M\u00c1STER EN ABA. LOVAAS FUNDATION (ESPA\u00d1A 2020 &#8211; 2021)<\/p>\n<p>DIPLOMADA EN NEUROPSICOPEDAGOG\u00cdA DE LA PRIMERA INFANCIA.<\/p>\n<p>EXPERTA UNIVERSITARIA EN AUTISMO Y TEA.&nbsp;<span style=\"color: var( --e-global-color-accent ); font-family: var( --e-global-typography-accent-font-family ), Sans-serif; font-weight: var( --e-global-typography-accent-font-weight ); font-size: 1rem;\">DIPLOMADA EN TEA.&nbsp;<\/span><\/p>\n<p><span style=\"color: var( --e-global-color-accent ); font-family: var( --e-global-typography-accent-font-family ), Sans-serif; font-size: 1rem; font-weight: var( --e-global-typography-accent-font-weight );\">ESP. EN SAAC (SISTEMAS ALTERNATIVOS AUMENTATIVOS DE COMUNICACI\u00d3N).&nbsp;<\/span><span style=\"color: var( --e-global-color-accent ); font-family: var( --e-global-typography-accent-font-family ), Sans-serif; font-weight: var( --e-global-typography-accent-font-weight ); font-size: 1rem;\">IMPLEMENTADORA PECS (NIVEL 1 Y 2)<\/span><\/p><p><span style=\"color: var( --e-global-color-accent ); font-family: var( --e-global-typography-accent-font-family ), Sans-serif; font-weight: var( --e-global-typography-accent-font-weight ); font-size: 1rem;\">CERTIFICADA EN ADOS 2 (ESCALA DE OBSERVACI\u00d3N PARA EL DIAGN\u00d3STICO DE AUTISMO).&nbsp;<\/span><\/p>\n<p><\/p>\t\t\t\t\t\t\t\t<\/div>\n\t\t\t\t<\/div>\n\t\t\t\t\t<\/div>\n\t\t<\/div>\n\t\t\t\t\t<\/div>\n\t\t<\/section>\n\t\t\t\t<section class=\"elementor-section elementor-top-section elementor-element elementor-element-17a71b2 elementor-section-boxed elementor-section-height-default elementor-section-height-default\" data-id=\"17a71b2\" data-element_type=\"section\">\n\t\t\t\t\t\t<div class=\"elementor-container elementor-column-gap-default\">\n\t\t\t\t\t<div class=\"elementor-column elementor-col-100 elementor-top-column elementor-element elementor-element-a8d3313\" data-id=\"a8d3313\" data-element_type=\"column\">\n\t\t\t<div class=\"elementor-widget-wrap elementor-element-populated\">\n\t\t\t\t\t\t<div class=\"elementor-element elementor-element-ad3f5a4 elementor-widget elementor-widget-text-editor\" data-id=\"ad3f5a4\" data-element_type=\"widget\" data-widget_type=\"text-editor.default\">\n\t\t\t\t<div class=\"elementor-widget-container\">\n\t\t\t\t\t\t\t\t\t<p style=\"color: #20b30c;\"><span style=\"color: var( --e-global-color-accent ); font-family: var( --e-global-typography-accent-font-family ), Sans-serif; font-weight: var( --e-global-typography-accent-font-weight ); font-size: 1rem;\">ESPECIALIZACI\u00d3N EN TERAPIA COGNITIVO CONDUCTUAL Y ATENCI\u00d3N TEMPRANA.\u00a0<\/span><span style=\"color: var( --e-global-color-accent ); font-family: var( --e-global-typography-accent-font-family ), Sans-serif; font-weight: var( --e-global-typography-accent-font-weight ); font-size: 1rem;\">CERTIFICADA EN PEP-3 Y TTAP: EVALUACI\u00d3N PERFIL PSICOEDUCATIVO PARA PERSONAS CON AUTISMO.<\/span><\/p><p><span style=\"color: var( --e-global-color-accent ); font-family: var( --e-global-typography-accent-font-family ), Sans-serif; font-weight: var( --e-global-typography-accent-font-weight ); font-size: 1rem;\">EXPERTO EN TDAH: RESPUESTA INTEGRAL.\u00a0<\/span><span style=\"color: var( --e-global-color-accent ); font-family: var( --e-global-typography-accent-font-family ), Sans-serif; font-weight: var( --e-global-typography-accent-font-weight ); font-size: 1rem;\">EXPERTO EN DISLEXIA Y LECTOESCRITURA.\u00a0<\/span><span style=\"color: var( --e-global-color-accent ); font-family: var( --e-global-typography-accent-font-family ), Sans-serif; font-weight: var( --e-global-typography-accent-font-weight ); font-size: 1rem;\">EXPERTO EN PSICOTERAPIA EN INFANCIA Y ADOLESCENCIA \u2013 INSTITUTO SIAC.\u00a0<\/span><span style=\"color: var( --e-global-color-accent ); font-family: var( --e-global-typography-accent-font-family ), Sans-serif; font-weight: var( --e-global-typography-accent-font-weight ); font-size: 1rem;\">EXPERTO EN TDAH, TRASTORNOS DEL APRENDIZAJE Y TRASTORNOS DE LA CONDUCTA &#8211; INSTITUTO SIAC<\/span><\/p><p style=\"color: #20b30c;\"><span style=\"color: var( --e-global-color-text );\">FORMACI\u00d3N:\u00a0<\/span><\/p><p style=\"color: #20b30c;\"><span style=\"color: var( --e-global-color-text );\">EVALUACI\u00d3N NEUROPSICOL\u00d3GICA INFANTIL.\u00a0 ABORDAJE COGNITIVO CONDUCTUAL EN NI\u00d1OS Y ADOLESCENTES. APLICACI\u00d3N, CORRECCI\u00d3N E INTERPRETACI\u00d3N DE WPPSY, WISC V Y WNV.\u00a0 CERTIFICACI\u00d3N EN PEP-3 Y TTAP (EVALUACI\u00d3N DE PERFIL PSICOEDUCATIVO PARA NI\u00d1OS, NI\u00d1AS, ADOLESCENTES Y J\u00d3VENES CON AUTISMO). ESCALA DE HABILIDADES ADAPTATIVAS VINELAND. ENTRENAMIENTO EN ADMINISTRACI\u00d3N, PUNTUACI\u00d3N Y AN\u00c1LISIS.\u00a0 ESCALA DE DESARROLLO INFANTIL BAYLEY ADMINISTRACI\u00d3N, PUNTUACI\u00d3N Y AN\u00c1LISIS.\u00a0 POSGRADO PR\u00c1CTICAS EN DISLEXIA. HERRAMIENTAS\u00a0DE EVALUACI\u00d3N EN AUTISMO.OPTIMIZACI\u00d3N DE LA PR\u00c1CTICA EN ADOS2. APRENDIZAJE EN PERSONAS CON TEA. JUEGO Y TEA. ADOLESCENCIA Y TEA.<\/span><\/p><p>HABILIDADES ESPEC\u00cdFICAS ENPEDAGOG\u00cdA TERAP\u00c9UTICA. TERAPIA DE JUEGO Y NEURODIVERSIDAD. CONCIENCIA FONOL\u00d3GICA EN NI\u00d1OS. TERAPIA OCUPACIONAL EN AUTISMO DESDE UN ENFOQUE DE INTEGRACI\u00d3N SENSORIAL.\u00a0\u201c9 HABILIDADES DE COMUNICACI\u00d3N CR\u00cdTICAS\u201d \u2013 PECS (2019) Pyramid Educational Consultants.\u00a0\u00a0\u201cGU\u00cdA PARA LA INTERVENCI\u00d3N DE CONDUCTAS INAPROPIADAS\u201d \u2013 PECS (2019) Pyramid Educational Consultants. Asistente en JORNADA DE NEUROPSICOLOG\u00cdA DEL DESARROLLO A LA EVALUACI\u00d3N Y ABORDAJE TERAP\u00c9UTICO DE LAS DIFICULTADES EN LA COMUNICACI\u00d3N Y EL LENGUAJE.\u00a0 SOCIEDAD DE NEUROPSICOLOG\u00cdA DEL URUGUAY &#8211; FACULTAD DE PSICOLOG\u00cdA \u2013 MONTEVIDEO 2019 Formaci\u00f3n Seminario Especializado : \u00abTEA, LENGUAJE Y COMUNICACI\u00d3N\u00bb (IAC MONTEVIDEO 2019). Formaci\u00f3n Seminario Especializado : \u00abMATERIALES CONCRETOS MONTESSORI\u00bb (IAC MONTEVIDEO 2019). \u201cExperto Universitario en autismo y los TEA\u201d \u2013\u00a0 Facultad Regional de Buenos Aires. \u201cMetodolog\u00eda TEACCH para el Aula\u201d (A\u00d1O 2018) \u201cHistorias sociales en TEA\u201d\u00a0 (A\u00f1o 2018). \u201cSistemas alternativos y aumentativos de comunicaci\u00f3n: Aplicaci\u00f3n pr\u00e1ctica para la inclusi\u00f3n educativa- IPCS . \u201cEspecializaci\u00f3n en Coaching educativo y TDAH a distancia\u201d \u2013 Curso TDAH, alteraciones emocionales y construcci\u00f3n de identidad\u201d- N\u00facleo de innovaci\u00f3n e investigaci\u00f3n en TDAH Montevideo. \u201cEducaci\u00f3n en la diversidad e inclusi\u00f3n\u201d\u2013 MEC \u201cTrastornos del espectro autista:Herramientas pr\u00e1cticas para trabajar en el aula\u201d- SO.M.E.UR \u201cT\u00e9cnicas de intervenci\u00f3n en tratamiento de personas con trastorno del espectro autista\u201d \u2013 ATATEA . \u201cSeminario del espectro Autista\u201d \u2013 MEC.\u00a0 \u201cTrastornos del lenguaje y tratamiento\u201d \u2013CINP . \u201cEstimulaci\u00f3n temprana para ni\u00f1os con signos cl\u00ednicos de autismo\u201d \u2013 R.Ed.Es. \u201cAutismo, empat\u00eda, integraci\u00f3n sensorial, intersubjetividad y desarrollo ps\u00edquico. Aplicaciones cl\u00ednicas\u201d \u2013 R.Ed.Es. \u201cNi\u00f1os con autismo en la escuela com\u00fan: \u00bfqu\u00e9 precisan conocer los terapeutas, educadores y padres?\u201d \u2013 R.Ed.Es . \u201cAportes de las neurociencias a la educaci\u00f3n\u201d \u2013 MEC. \u201cPrimera infancia: una mirada desde la neuroeducaci\u00f3n\u201d \u2013CINP. \u201cRetraso simple del lenguaje y trastorno espec\u00edfico del lenguaje\u201d \u2013 CINP. \u201cLas dificultades de aprendizaje en diferentes etapas educativas: prevenci\u00f3n y desarrollo\u201d \u2013 CINP. \u201cTutor\u00eda: El juego como estrategia educativa innovadora en la era digital\u201d \u2013 MEC. \u201cTratamiento basado en el modelo ABA.<\/p><p>Introducci\u00f3n a la teor\u00eda y la pr\u00e1ctica\u201d. &#8211; As.E.M.Co. \u201cEl impacto de la innovaci\u00f3n en la eficacia de los tratamientos ABA\u201d- As.E.M.Co. \u201cQu\u00e9 hacer frente a un diagn\u00f3stico de TEA: Gu\u00eda para padres\u201d &#8211; As.E.M.Co. \u201cComprendiendo a los trastornos del espectro autista\u201d &#8211; As.E.M.Co. \u201cApoyos visuales para ni\u00f1os con TEA\u201d -As.E.M.Co. \u201cAn\u00e1lisis de la tarea (ABA)\u201d &#8211; As.E.M.Co. \u201cControl de esf\u00ednteres. Programa de ense\u00f1anza para ni\u00f1os con trastornos del desarrollo\u201d &#8211; As.E.M.Co. \u201cDETECTEA Detecci\u00f3n temprana de TEA\u201d &#8211; As.E.M.Co. \u201cHabilidades para la vida diaria (ABA)\u201d -As.E.M.Co. \u201cEl impacto en la motivaci\u00f3n de los tratamientos ABA\u201d &#8211; As.E.M.Co. \u201cJuego Independiente\u201d &#8211; As.E.M.Co. Conferencia virtual (Asistente): \u201cTrastorno por D\u00e9ficit de atenci\u00f3n (con o sin hiperactividad)\u201d\u201d \u2013 PSICAP. Conferencia virtual (Asistente): \u201cAbordaje del ni\u00f1o con s\u00edndrome de Asperger y otros Trastornos del Espectro Autista (desde el aula, la cl\u00ednica y el hogar)\u201d\u201d \u2013 PSICAP. Conferencia virtual (Asistente): \u201cElaboraci\u00f3n e interpretaci\u00f3n de informes en el \u00e1mbito educativo\u201d \u2013 PSICAP.<\/p><p>\u00a0<\/p>\t\t\t\t\t\t\t\t<\/div>\n\t\t\t\t<\/div>\n\t\t\t\t<div class=\"elementor-element elementor-element-bda3f7b elementor-widget elementor-widget-text-editor\" data-id=\"bda3f7b\" data-element_type=\"widget\" data-widget_type=\"text-editor.default\">\n\t\t\t\t<div class=\"elementor-widget-container\">\n\t\t\t\t\t\t\t\t\t<p class=\"wb-stl-normal\" style=\"\">TRAYECTORIA:&nbsp;<\/p><p class=\"wb-stl-normal\" style=\"color: #20b30c;\"><span style=\"color: var( --e-global-color-text );\">DOCENTE EFECTIVA DE EDUCACI\u00d3N PRIMARIA &#8211; CEIP. (T\u00cdTULO DE GRADO).&nbsp;<\/span><br><\/p>\n<p class=\"wb-stl-normal\">Docente en Seminario optativo de la carrera MPI : Detecci\u00f3n y atenci\u00f3n temprana de los trastornos del neurodesarrollo en la infancia (TEA-TEL-TDAH). A\u00d1O 2019 &#8211; Instituto de Formaci\u00f3n Docente Rocha) TALLERISTA EN: CAPI \u2013 Rocha (Actividad de extensi\u00f3n IFD); Escuela N\u00ba 97 Rocha&nbsp; y CAIF CINPAL (Castillos). Taller: Estrategias did\u00e1cticas para la inclusi\u00f3n educativa de ni\u00f1os y ni\u00f1as con TEA. (2019) CEAUTISMO.<\/p>\n<p class=\"wb-stl-normal\">Exponencia y organizaci\u00f3n de los \u201cENCUENTROS SOBRE SENSIBILIZACI\u00d3N E INCLUSI\u00d3N DE NI\u00d1OS Y NI\u00d1AS CON TRASTORNOS DEL ESPECTRO AUTISTA (TEA) EN EL \u00c1MBITO EDUCATIVO\u201d realizados en Rocha los d\u00edas 12 DE JUNIO \u2013 17 Y 24 DE JULIO 2018, en Escuela N\u00ba97 de Rocha. Organizaci\u00f3n junto a RED MANDELA,INSPECCI\u00d3N DEPARTAMENTAL DE ROCHA, INSPECCI\u00d3N DE EDUCACI\u00d3N ESPECIAL, JUNTA DIRECTORES ROCHA.<\/p>\n<p class=\"wb-stl-normal\">TALLER ESTRATEGIAS DID\u00c1CTICAS PARA LA INCLUSI\u00d3N EDUCATIVA EN TEA. ASOCIACI\u00d3N PARA\u00cdSO AZUL \u2013 CHUY.&nbsp; (2018) CREACI\u00d3N Y TUTORIAL VIRTUAL DE CURSOS ESPACIO INTEAD 2020.<\/p>\n<p class=\"wb-stl-normal\">DOCENTE EN INSTITUTO DE FORMACI\u00d3N DOCENTE DE ROCHA EN LAS ASIGNATURAS DE: SOCIOLOG\u00cdA DE LA EDUCACI\u00d3N, AN\u00c1LISIS Y OBSERVACI\u00d3N DE LAS INSTITUCIONES EDUCATIVAS DE PRIMERA INFANCIA, MONOGRAF\u00cdA. (CARRERA MPI) A\u00d1O 2019.<\/p>\t\t\t\t\t\t\t\t<\/div>\n\t\t\t\t<\/div>\n\t\t\t\t<div class=\"elementor-element elementor-element-0a313b9 elementor-widget elementor-widget-text-editor\" data-id=\"0a313b9\" data-element_type=\"widget\" data-widget_type=\"text-editor.default\">\n\t\t\t\t<div class=\"elementor-widget-container\">\n\t\t\t\t\t\t\t\t\t<p class=\"wb-stl-normal\" style=\"color: #20b30c;\"><span style=\"color: var( --e-global-color-text );\">PUBLICACIONES:<\/span><\/p><p class=\"wb-stl-normal\" style=\"color: #20b30c;\"><span style=\"color: var( --e-global-color-text );\">Art\u00edculo \u201cInclusi\u00f3n e intervenci\u00f3n. Trastornos del Espectro Autista\u201d\u00a0\u00a0 en Revista Educaci\u00f3n del Pueblo\u201d Editorial Aula. A\u00f1o 2018<\/span><\/p><p class=\"wb-stl-normal\">Libro \u201cTrastornos del Espectro Autista\u201d. Editorial Aula.\u00a0 A\u00f1o 2018. Libro \u00abTEA Trastornos del Espectro. Autista en nivel inicial y primero\u00bb. Editorial Aula 2019.<\/p><p class=\"wb-stl-normal\">CORREO ELECTR\u00d3NICO PERSONAL:\u00a0<strong style=\"color: #20b30c;\">\u00a0<\/strong><span style=\"color: var( --e-global-color-text );\"> yeparona22@gmail.com<\/span><\/p>\t\t\t\t\t\t\t\t<\/div>\n\t\t\t\t<\/div>\n\t\t\t\t\t<\/div>\n\t\t<\/div>\n\t\t\t\t\t<\/div>\n\t\t<\/section>\n\t\t\t\t<section class=\"elementor-section elementor-top-section elementor-element elementor-element-865ba92 elementor-section-boxed elementor-section-height-default elementor-section-height-default\" data-id=\"865ba92\" data-element_type=\"section\">\n\t\t\t\t\t\t<div class=\"elementor-container elementor-column-gap-default\">\n\t\t\t\t\t<div class=\"elementor-column elementor-col-100 elementor-top-column elementor-element elementor-element-0a189f1\" data-id=\"0a189f1\" data-element_type=\"column\">\n\t\t\t<div class=\"elementor-widget-wrap\">\n\t\t\t\t\t\t\t<\/div>\n\t\t<\/div>\n\t\t\t\t\t<\/div>\n\t\t<\/section>\n\t\t\t\t<\/div>\n\t\t","protected":false},"excerpt":{"rendered":"<p>Anterior Siguiente Nosotros: Soy Y\u00e9ssica Rodr\u00edguez, docente especializada en Neuropsicopedagog\u00eda. Quiero contarles que me considero una persona afortunada, optimista y feliz, porque un d\u00eda el AUTISMO, a trav\u00e9s de mi hijo, golpe\u00f3 mi puerta. Fue en este proceso de entendimiento, comprensi\u00f3n, experiencias vividas y formaci\u00f3n continua que surgi\u00f3 ESPACIO INTEAD. ESPACIO INTEAD es un proyecto [&hellip;]<\/p>\n","protected":false},"author":1,"featured_media":0,"parent":0,"menu_order":0,"comment_status":"closed","ping_status":"closed","template":"","meta":{"footnotes":""},"class_list":["post-8","page","type-page","status-publish","hentry"],"_links":{"self":[{"href":"https:\/\/www.intead.com.uy\/index.php\/wp-json\/wp\/v2\/pages\/8","targetHints":{"allow":["GET"]}}],"collection":[{"href":"https:\/\/www.intead.com.uy\/index.php\/wp-json\/wp\/v2\/pages"}],"about":[{"href":"https:\/\/www.intead.com.uy\/index.php\/wp-json\/wp\/v2\/types\/page"}],"author":[{"embeddable":true,"href":"https:\/\/www.intead.com.uy\/index.php\/wp-json\/wp\/v2\/users\/1"}],"replies":[{"embeddable":true,"href":"https:\/\/www.intead.com.uy\/index.php\/wp-json\/wp\/v2\/comments?post=8"}],"version-history":[{"count":116,"href":"https:\/\/www.intead.com.uy\/index.php\/wp-json\/wp\/v2\/pages\/8\/revisions"}],"predecessor-version":[{"id":1101,"href":"https:\/\/www.intead.com.uy\/index.php\/wp-json\/wp\/v2\/pages\/8\/revisions\/1101"}],"wp:attachment":[{"href":"https:\/\/www.intead.com.uy\/index.php\/wp-json\/wp\/v2\/media?parent=8"}],"curies":[{"name":"wp","href":"https:\/\/api.w.org\/{rel}","templated":true}]}}